greatest common factor of 1471065 and 766119.
2913
What is the greatest common factor of 87210 and 8381340?
4590
Calculate the greatest common factor of 2009677 and 292349.
593
Calculate the highest common factor of 20923637 and 49.
49
What is the highest common divisor of 196036605 and 5265?
405
What is the greatest common factor of 264 and 2738406?
66
What is the greatest common factor of 73 and 9011193?
73
What is the greatest common divisor of 1343728 and 6176?
16
What is the greatest common divisor of 24497 and 1152787?
17
Calculate the greatest common divisor of 71154 and 170982.
1062
What is the greatest common divisor of 30 and 7824855?
15
Calculate the highest common factor of 1879737 and 734907.
3693
Calculate the greatest common divisor of 649704729 and 4971.
4971
Calculate the highest common factor of 132884 and 1982027.
239
What is the highest common factor of 402962 and 651518?
3766
What is the highest common divisor of 1259113 and 1?
1
What is the greatest common divisor of 4396 and 13701076?
628
Calculate the greatest common factor of 61241 and 3968938.
1303
What is the highest common divisor of 657 and 7403003?
73
What is the greatest common divisor of 118636340 and 20?
20
What is the highest common divisor of 2275746 and 2159388?
2706
Calculate the highest common factor of 1645 and 911855.
35
What is the greatest common factor of 1969 and 5076401?
11
Calculate the highest common divisor of 808060 and 660.
220
Calculate the greatest common divisor of 16668135 and 1359.
1359
Calculate the greatest common factor of 863667 and 11739.
21
What is the highest common factor of 18355 and 5344976?
3671
What is the highest common divisor of 702 and 7601742?
54
What is the greatest common factor of 1853714 and 306?
34
Calculate the highest common factor of 1750144 and 14036.
484
Calculate the highest common divisor of 6257459 and 494.
13
What is the highest common divisor of 1181 and 1471?
1
Calculate the greatest common divisor of 13907247 and 30405.
6081
What is the greatest common divisor of 5082 and 892626?
42
What is the highest common factor of 383973 and 3507297?
2577
Calculate the greatest common divisor of 12756550 and 530450.
5150
What is the greatest common divisor of 1854 and 36426156?
618
What is the greatest common divisor of 148 and 5443292?
148
What is the highest common factor of 7574903 and 7?
7
Calculate the highest common factor of 4450 and 2092746.
178
Calculate the greatest common factor of 3592309 and 567.
7
Calculate the highest common factor of 2218 and 189917359.
1109
Calculate the greatest common factor of 460 and 99635.
5
What is the highest common factor of 4200 and 85240?
40
What is the greatest common divisor of 146324 and 2420?
4
Calculate the greatest common factor of 5260 and 3502108.
1052
What is the greatest common factor of 16436494 and 66384?
922
Calculate the highest common factor of 2620 and 2861433.
131
What is the greatest common divisor of 305 and 1560319?
61
What is the highest common divisor of 5297292 and 193452?
4116
Calculate the highest common factor of 12920852 and 895344.
3244
What is the greatest common divisor of 404601176 and 7984?
3992
What is the greatest common factor of 10 and 150856670?
10
Calculate the greatest common factor of 218125348 and 994.
994
Calculate the greatest common divisor of 6737696 and 1516841.
4297
What is the highest common divisor of 4183 and 31622323?
89
What is the greatest common factor of 167956 and 24476?
844
Calculate the greatest common factor of 50553924 and 180.
12
Calculate the highest common divisor of 11696 and 31580662.
1462
Calculate the highest common divisor of 199 and 3833934.
199
What is the highest common divisor of 5015 and 46865470?
295
Calculate the highest common factor of 59033 and 903659.
4541
Calculate the greatest common divisor of 253284360 and 255.
255
What is the highest common divisor of 636 and 495096?
12
Calculate the greatest common factor of 1135 and 2026883.
227
What is the greatest common factor of 52169 and 74308721?
4013
What is the highest common divisor of 113316 and 11629303?
497
What is the highest common divisor of 22 and 375635678?
22
What is the highest common divisor of 946 and 76353423?
43
Calculate the highest common factor of 2336 and 61638134.
146
Calculate the greatest common divisor of 106540 and 2292132.
3044
Calculate the highest common divisor of 8490630 and 245280.
2190
What is the highest common divisor of 1718760 and 27960?
120
Calculate the highest common divisor of 25371 and 2790.
9
What is the highest common divisor of 819 and 56120883?
273
What is the highest common divisor of 5530140 and 210?
210
Calculate the greatest common divisor of 523829826 and 936.
234
What is the greatest common factor of 1444443 and 33?
33
Calculate the highest common factor of 870 and 5304825.
435
Calculate the highest common divisor of 65084 and 18428596.
1228
What is the greatest common factor of 1874 and 20791093?
937
What is the greatest common factor of 4419856 and 3040?
304
What is the greatest common divisor of 223 and 81141226?
223
What is the highest common divisor of 292439550 and 585?
195
Calculate the highest common factor of 3333990 and 246.
6
Calculate the highest common divisor of 39458 and 1649388.
218
Calculate the highest common divisor of 7335 and 278055.
45
Calculate the greatest common divisor of 7904 and 46553.
13
Calculate the greatest common divisor of 2517771 and 59079.
1257
Calculate the greatest common divisor of 2288 and 2639117.
13
Calculate the highest common divisor of 1423817 and 134.
67
What is the greatest common divisor of 751 and 11456?
1
What is the highest common factor of 30 and 102410790?
30
Calculate the highest common factor of 60 and 14278620.
60
Calculate the greatest common divisor of 34 and 63227063.
17
Calculate the greatest common factor of 2126607 and 1323.
21
Calculate the greatest common factor of 272 and 19544560.
272
What is the highest common divisor of 4553160 and 204?
12
What is the greatest common divisor of 547512 and 1855?
7
Calculate the greatest common divisor of 549153 and 1188.
297
Calculate the greatest common factor of 54 and 763535835.
27
Calculate the greatest common divisor of 9730400 and 110.
10
What is the greatest common factor of 558522 and 25272?
54
Calculate the greatest common divisor of 206025 and 861.
123
What is the greatest common divisor of 69 and 1121698983?
69
Calculate the highest common divisor of 140085600 and 30.
30
What is the highest common divisor of 254096 and 112640?
16
What is the greatest common factor of 358283 and 18511?
173
Calculate the highest common divisor of 151704 and 3288.
24
What is the highest common divisor of 44275794 and 54?
6
Calculate the highest common factor of 40743920 and 496.
496
Calculate the highest common factor of 631434 and 48.
6
Calculate the highest common divisor of 664 and 284632979.
83
Calculate the highest common divisor of 25680 and 14664885.
1605
What is the greatest common factor of 2332330 and 945?
35
What is the highest common factor of 149811687 and 6561?
2187
Calculate the greatest common factor of 23680 and 15376645.
185
What is the greatest common factor of 5681 and 2130869?
247
What is the highest common divisor of 60993 and 18273357?
243
Calculate the highest common factor of 40 and 8378936.
8
Calculate the greatest common factor of 95211 and 259409.
149
What is the highest common factor of 36363 and 1835745?
1173
What is the greatest common factor of 48 and 1333092?
12
What is the greatest common divisor of 42918 and 1146?
6
Calculate the greatest common factor of 17504187 and 741.
57
What is the highest common divisor of 55268 and 541036?
164
Calculate the highest common factor of 2060 and 342887.
103
What is the highest common divisor of 26031404 and 14?
14
What is the greatest common divisor of 423342 and 976140?
522
What is the greatest common divisor of 57404059 and 8241?
2747
What is the greatest common factor of 5204087822 and 101?
101
Calculate the greatest common factor of 5280 and 1579170.
30
Calculate the highest common factor of 3464682 and 264966.
3354
What is the greatest common factor of 6684686 and 2382?
794
Calculate the highest common divisor of 73300063 and 112